) = u**3 - 7*u**2 - 8*u + 17. Give o(7).
-39
Let c(u) = 2*u**2 + 5*u. What is c(-4)?
12
Let b(q) = -q**3 + q**2 - q. Determine b(3).
-21
Let z(m) = m**2 - 28*m - 28. Calculate z(29).
1
Let v(r) = -9*r**2 - 4*r - 6. Give v(-4).
-134
Let k(t) = -t**2 - 7*t + 12. Calculate k(-6).
18
Let p(d) = -d**3 - 13*d**2 + 16*d + 19. What is p(-14)?
-9
Let d(t) = 2*t - 5. Calculate d(5).
5
Let f(g) = -41*g**3 - 1. Determine f(1).
-42
Let w(a) = 2*a**3 - 8*a**2 - 13. Calculate w(4).
-13
Let g(r) = 4*r**3 + 2*r**2 + 5*r - 3. Calculate g(3).
138
Let v(c) = -c**3 + 3*c**2 + c - 5. What is v(4)?
-17
Let j(n) = -n**3 + 14*n**2 - 3*n - 33. Determine j(14).
-75
Let t(w) = w**3 + 2*w**2 - 4. What is t(-2)?
-4
Let x(a) = a**2 - 44*a + 353. What is x(11)?
-10
Let o(s) = -2*s - 49. Give o(-25).
1
Let n(w) = w**2 - 4*w + 7. What is n(0)?
7
Let g(h) = h**3 + 4*h**2 - 7*h - 2. Calculate g(-5).
8
Let t(f) = f**3 - 4*f**2 - 3*f + 4. Give t(5).
14
Let o(n) = -n**3 + 4. Determine o(0).
4
Let d(a) = a - 3. Give d(11).
8
Let g(d) = -3*d + 107. What is g(37)?
-4
Let z(i) = i**3 - 9*i**2 + 6*i - 155. Give z(10).
5
Let q(u) = -u**3 - 3*u**2 + 8*u + 25. Give q(-3).
1
Let l(n) = -n**3 + 13*n**2 - 9*n - 41. Give l(12).
-5
Let z(b) = -b**3 - 2*b + 3. What is z(-3)?
36
Let a(b) = -b - 30. Determine a(-7).
-23
Let g(l) = l**2 - 5*l - 2. Calculate g(5).
-2
Let n(b) = -b**2 + 50*b - 201. Determine n(46).
-17
Let f(n) = 8*n + 138. Calculate f(-18).
-6
Let r(k) = 3*k**2 + k - 15. Calculate r(-3).
9
Let s(c) = -40*c - 407. Determine s(-10).
-7
Let y(i) = -10*i**2 + 6*i - 3. Determine y(2).
-31
Let r(d) = -2*d**2 + 51*d - 126. Calculate r(23).
-11
Let j(i) = -27*i + 105. Give j(4).
-3
Let h(n) = -n**3 - 2*n**2 + 5*n + 3. Calculate h(-3).
-3
Let x(y) = -y - 33. Calculate x(-22).
-11
Let d(n) = 3*n + 12. Calculate d(-4).
0
Let t(m) = m**3 - 9*m**2 + 19*m - 12. Calculate t(6).
-6
Let h(d) = -2*d**2 - 15*d - 12. Calculate h(-11).
-89
Let t(m) = -11*m - 5. Determine t(-2).
17
Let z(f) = f**2 - 8*f + 6. Determine z(6).
-6
Let k(j) = -j**3 - j**2 + 13*j + 9. What is k(-4)?
5
Let r(b) = -b**2 + 12*b - 13. Calculate r(10).
7
Let v(t) = 4*t + 107. Calculate v(-34).
-29
Let l(a) = a**2 - 3*a - 3. Determine l(2).
-5
Let l(c) = -c**3 - 2*c**2 + 2*c + 2. Give l(2).
-10
Let y(p) = p**3 - 8*p**2 + 30*p - 95. Give y(5).
-20
Let q(o) = 2*o**3 + 82*o**2 + 83*o + 98. Calculate q(-40).
-22
Let a(p) = p**2 + 3*p + 4. Determine a(-2).
2
Let k(t) = -t**3 - t**2 + 15*t + 19. Determine k(-3).
-8
Let z(d) = -6*d + 23. Give z(-7).
65
Let c(i) = -i**3 - 7*i**2 - 5*i + 4. Determine c(-6).
-2
Let g(q) = q**2 - 16*q - 54. Calculate g(19).
3
Let i(s) = 9*s + 228. Give i(-24).
12
Let u(q) = -q - 16. What is u(-10)?
-6
Let z(i) = 3*i**2 - 3. What is z(3)?
24
Let u(y) = y**2 - 15*y + 13. Determine u(14).
-1
Let c(z) = -12*z + 7. What is c(7)?
-77
Let w(j) = -j**2 + 4*j - 20. Give w(0).
-20
Let h(f) = f**2 - 7*f - 208. What is h(-11)?
-10
Let o(y) = 5*y - 136. Calculate o(25).
-11
Let u(x) = x**2 + 19*x + 87. Determine u(-10).
-3
Let m(f) = f**3 + 11*f**2 + 18*f - 12. Give m(-8).
36
Let n(y) = y**2 + 7*y - 10. Determine n(-8).
-2
Let a(t) = t - 7. Calculate a(6).
-1
Let u(i) = 2*i**3 - 24*i**2 + 3*i - 39. What is u(12)?
-3
Let c(l) = 5*l**2 - 100*l + 3. Determine c(20).
3
Let p(a) = -6*a + 172. Determine p(29).
-2
Let m(f) = -f**3 + 13*f**2 - 29*f + 22. Determine m(11).
-55
Let o(s) = -s**2 - 41*s + 155. Determine o(-44).
23
Let b(m) = -m + 10. Determine b(-4).
14
Let a(o) = -26*o**3 + o**2 - o - 2. What is a(-1)?
26
Let i(v) = v**3 + 2*v**2 + 1. Give i(-2).
1
Let d(a) = -25*a**3 - 2*a**2 + 2*a - 1. Determine d(1).
-26
Let y(v) = 55*v - 172. Give y(3).
-7
Let r(b) = b**3 - 18*b**2 + 34*b - 29. Determine r(16).
3
Let i(a) = -2*a**2 + 2*a - 2. Give i(0).
-2
Let n(b) = -b**3 - 11*b**2 + 3*b + 7. Calculate n(-11).
-26
Let m(v) = -v**2 + 16*v - 43. What is m(4)?
5
Let q(k) = -k + 14. Determine q(-13).
27
Let g(l) = l**2 - 6*l + 11. What is g(4)?
3
Let i(g) = 2*g + 41. What is i(-12)?
17
Let j(l) = -2*l**2 - 5*l - 5. What is j(-6)?
-47
Let d(j) = -12*j - 347. What is d(-29)?
1
Let b(h) = 2*h + 7. Calculate b(-2).
3
Let u(q) = -q**3 + 8*q**2 - 10*q + 13. Calculate u(7).
-8
Let g(u) = -u**3 - 7*u**2 - 8*u - 2. What is g(-6)?
10
Let v(o) = -5*o - 37. Calculate v(-6).
-7
Let s(h) = h**2 - 11*h - 13. Calculate s(9).
-31
Let a(j) = j + 16. Calculate a(-9).
7
Let d(k) = k**3 - 6*k**2 + 4. Give d(3).
-23
Let g(v) = 3*v**2 - 6. What is g(-5)?
69
Let u(c) = c**3 + 20*c**2 + 35*c - 21. Calculate u(-18).
-3
Let o(j) = 2*j**2 - 14*j + 36. Calculate o(8).
52
Let h(a) = 2*a + 16. Determine h(-6).
4
Let r(y) = 2*y**3 + 2*y**2 + 7*y - 4. What is r(3)?
89
Let f(j) = j**3 + 4*j**2 + 2*j + 2. Determine f(-4).
-6
Let n(p) = -4*p - 77. Determine n(-20).
3
Let w(d) = 31*d - 170. Determine w(6).
16
Let g(y) = -11*y**2 + 141*y + 21. Give g(13).
-5
Let v(n) = -3*n - 7. Give v(10).
-37
Let w(f) = -9*f + 28. What is w(3)?
1
Let w(t) = t**2 + 2*t + 27. What is w(0)?
27
Let s(i) = -i**3 + 5*i**2 - 6*i + 1. What is s(4)?
-7
Let c(x) = -x**2 + 28. Determine c(7).
-21
Let j(l) = -4*l**3 - 2*l**2 - 4*l. What is j(3)?
-138
Let k(v) = v**2 + 16*v + 12. Calculate k(-15).
-3
Let i(p) = -5*p**2 - 55*p + 8. Give i(-11).
8
Let y(n) = -4*n**2 + 3*n + 2. What is y(3)?
-25
Let a(w) = -w + 27. Determine a(14).
13
Let o(q) = -5*q + 2. Give o(-15).
77
Let s(t) = t**3 + 9*t**2 - 9*t + 7. Determine s(-10).
-3
Let n(v) = -2*v - 8. Calculate n(-8).
8
Let g(t) = -t**3 - 7*t**2 - 7*t - 8. Calculate g(-6).
-2
Let p(t) = -6*t**3 + t**2 + 3*t + 1. What is p(-1)?
5
Let q(k) = -2*k**2 + 8*k - 8. Calculate q(6).
-32
Let j(f) = -4*f**2 + 40*f - 6. What is j(10)?
-6
Let g(v) = v**2 + 38*v + 91. What is g(-35)?
-14
Let n(v) = 3*v + 7. Calculate n(-8).
-17
Let f(n) = n**3 + 8*n**2 + 12*n - 4. Calculate f(-6).
-4
Let z(h) = -9*h - 72. Give z(-10).
18
Let p(d) = -3*d - 17. Give p(-6).
1
Let u(n) = -3*n - 38. Calculate u(-16).
10
Let x(y) = -6*y + 93. Calculate x(17).
-9
Let w(y) = y + 10. Calculate w(14).
24
Let q(v) = -v**2 + 10*v - 3. Determine q(8).
13
Let v(p) = 2*p**2 + 5*p - 78. Calculate v(-8).
10
Let n(m) = m**2 - 7*m + 13. Calculate n(6).
7
Let s(a) = 3*a - 102. Determine s(32).
-6
Let q(i) = 11*i + 35. Calculate q(-5).
-20
Let h(y) = -17*y - 62. Determine h(-4).
6
Let h(u) = -u**2 - 27*u + 170. Calculate h(-32).
10
Let c(u) = 2*u**3 - 13*u**2 - u + 34. What is c(6)?
-8
Let x(h) = 2*h**2 - 3*h + 35. What is x(0)?
35
Let s(x) = -4*x + 4. Give s(1).
0
Let g(i) = 4*i + 58. Determine g(-12).
10
Let w(j) = -j**2 + 5*j + 6. Calculate w(-6).
-60
Let a(f) = -7*f + 14. Determine a(-6).
56
Let n(p) = 7*p + 51. Give n(-7).
2
Let r(w) = 3*w**2 + 18*w + 49. Give r(-3).
22
Let b(z) = -4*z + 16. What is b(6)?
-8
Let n(c) = -c**2 + 12*c + 4. What is n(12)?
4
Let w(q) = q**2 + 29*q + 76. Determine w(-24).
-44
Let o(n) = n**3 + 7*n**2 + 9*n + 9. What is o(-6)?
-9
Let y(x) = 47*x**3 + 1. Determine y(1).
48
Let b(h) = -h**3 + 2*h**2 - h - 4. Calculate b(0).
-4
Let n(h) = 29*h**2. Determine n(-1).
29
Let l(k) = 13*k - 55. What is l(7)?
36
Let r(x) = -14*x - 15. What is r(-5)?
55
Let w(l) = -2*l**3 - 5*l**2 + 1. Give w(2).
-35
Let a(c) = -c**3 + 2*c**2 + 2*c - 3. Calculate a(3).
-6
Let n(q) = q**2 - 10. Determine n(6).
26
Let v(r) = r**3 + 10*r**2 - 6*r + 4. Determine v(-11).
-51
Let r(c) = -2*c**2 + 4*c + 9. Give r(4).
-7
Let k(j) = 12*j**2 + 1. Give k(-1).
13
Let q(b) = -b**3 + 3*b + 1. Determine q(-2).
3
Let o(n) = 2*n**3 - 50*n**2 + 50*n - 27. What is o(24)?
21
Let f(d) = 2*d**3 - 12. Give f(0).
-12
Let k(o) = -17*o - 67. Give k(-5).
18
Let w(t) = -6*t - 18. What is w(-4)?
6
Let p(z) = -z - 3. Give p(-5).
2
Let g(q) = -8*q**2 - 20*q - 2. What is g(-2)?
6
Let i(u) = 5*u + 24. Give i(-6).
-6
Let q(m) = -m. Calculate q(-23).
23
Let c(x) = x**3 - 18*x**2 + 18*x - 22. What is c(17)?
-5
Let h(y) = -y**3 + 8*y**2 - 6*y - 13. Calculate h(4).
27
Let c(t) = -t**3 + 7*t**2 - 7*t + 8. Determine c(7).
-41
Let u(o) = -15*o + 1. What is u(-2)?
31
Let g(l) = -l**2 + l + 58. Give g(-8).
-14
Let v(r) = r**2 - 12*r. Give v(6).
-36
Let x(c) = c**2 + 12*c + 40. Determine x(-9).
13
Let n(i) = -i**3 - 8*i**2 + i + 5. Give n(-8).
-3
Let k(h) = -h**2 - 55*h - 745. Calculate k(-30).
5
Let y(j) = j**3 - 4*j**2 + 6*j - 8. What is 